ist the prime factors of 2247278909.
17, 132192877
List the prime factors of 69334732.
2, 373, 46471
List the prime factors of 911410655.
5, 193, 944467
What are the prime factors of 3452660414?
2, 7, 73, 3378337
What are the prime factors of 1034640150?
2, 3, 5, 103, 167, 401
List the prime factors of 114530224.
2, 17, 109, 3863
List the prime factors of 712520545.
5, 11, 67, 193357
List the prime factors of 338280911.
29, 829, 14071
What are the prime factors of 260914207?
577, 452191
List the prime factors of 2534208.
2, 3, 67, 197
What are the prime factors of 269177380?
2, 5, 317, 42457
What are the prime factors of 439644509?
18481, 23789
List the prime factors of 34796552.
2, 7, 17, 36551
What are the prime factors of 2204832415?
5, 440966483
List the prime factors of 376704481.
376704481
List the prime factors of 30864929.
257, 120097
What are the prime factors of 501676128?
2, 3, 409, 4259
What are the prime factors of 1068990689?
13, 853, 96401
List the prime factors of 1135607417.
7, 162229631
List the prime factors of 449630892.
2, 3, 17, 244897
What are the prime factors of 12697473?
3, 47, 90053
What are the prime factors of 60214108?
2, 97, 155191
What are the prime factors of 22065354?
2, 3, 17, 72109
List the prime factors of 802548926.
2, 71, 281, 20113
What are the prime factors of 170860483?
19, 373, 24109
List the prime factors of 1015764659.
7, 13, 4649
What are the prime factors of 188109972?
2, 3, 997, 1747
What are the prime factors of 2679341613?
3, 13, 61, 1126247
What are the prime factors of 340543399?
7, 48649057
List the prime factors of 1741730520.
2, 3, 5, 53, 273857
What are the prime factors of 1253998094?
2, 626999047
List the prime factors of 8543518.
2, 4271759
What are the prime factors of 125498879?
11, 17, 23, 29179
List the prime factors of 1121297514.
2, 3, 10133, 18443
List the prime factors of 51327088.
2, 3207943
List the prime factors of 299075937.
3, 99691979
What are the prime factors of 1340120?
2, 5, 33503
List the prime factors of 3655784255.
5, 59, 367, 33767
List the prime factors of 37129340.
2, 5, 193, 9619
List the prime factors of 28768830.
2, 3, 5, 139, 6899
What are the prime factors of 20961084?
2, 3, 29, 31, 67
What are the prime factors of 4343154249?
3, 7, 29545267
What are the prime factors of 652391912?
2, 81548989
What are the prime factors of 137949330?
2, 3, 5, 4598311
List the prime factors of 198992531.
17, 11705443
What are the prime factors of 2437151238?
2, 3, 271, 499621
What are the prime factors of 47763772?
2, 7, 1705849
List the prime factors of 92661167.
191, 485137
List the prime factors of 441086479.
23, 103, 186191
What are the prime factors of 75376949?
75376949
What are the prime factors of 44453736?
2, 3, 101, 6113
List the prime factors of 660844473.
3, 373, 590567
What are the prime factors of 43903677?
3, 14634559
What are the prime factors of 130468861?
6151, 21211
What are the prime factors of 627178516?
2, 1217, 128837
List the prime factors of 202398534.
2, 3, 13, 288317
What are the prime factors of 910150390?
2, 5, 31, 41, 101, 709
What are the prime factors of 3460753940?
2, 5, 7, 24719671
What are the prime factors of 1538829896?
2, 4751, 40487
List the prime factors of 1028164272.
2, 3, 61, 251, 1399
List the prime factors of 325419983.
7, 1093, 42533
What are the prime factors of 278818865?
5, 13, 37, 115933
List the prime factors of 1021320919.
127, 8041897
What are the prime factors of 173909099?
7, 13, 17, 79, 1423
List the prime factors of 6443019181.
8861, 727121
List the prime factors of 900505211.
4099, 219689
What are the prime factors of 340759715?
5, 29, 2350067
List the prime factors of 339437582.
2, 11, 15428981
What are the prime factors of 3040098164?
2, 71, 239, 44789
List the prime factors of 109710814.
2, 54855407
List the prime factors of 55233549.
3, 7, 292241
List the prime factors of 561436386.
2, 3, 7, 89, 150197
What are the prime factors of 131378453?
37, 1787, 1987
List the prime factors of 93822820.
2, 5, 7, 13, 51551
List the prime factors of 1339221093.
3, 7, 743, 85831
What are the prime factors of 2212720659?
3, 27317539
List the prime factors of 509843018.
2, 254921509
List the prime factors of 303672468.
2, 3, 11, 37, 97, 641
List the prime factors of 452884139.
452884139
List the prime factors of 575621.
23, 29, 863
What are the prime factors of 3266492847?
3, 31, 35123579
List the prime factors of 267715722.
2, 3, 23, 1939969
What are the prime factors of 17531854?
2, 8765927
List the prime factors of 159262903.
31, 5137513
What are the prime factors of 382251206?
2, 59, 3239417
What are the prime factors of 26234029?
31, 846259
What are the prime factors of 2646492302?
2, 1323246151
List the prime factors of 49215158.
2, 24607579
What are the prime factors of 44743778?
2, 22371889
What are the prime factors of 65637031?
65637031
What are the prime factors of 1182277669?
167, 7079507
List the prime factors of 2235904881.
3, 7, 106471661
List the prime factors of 1694379743.
7, 113, 2142073
List the prime factors of 1259162464.
2, 7, 31, 43, 4217
List the prime factors of 705216672.
2, 3, 816223
List the prime factors of 3926664704.
2, 7669267
List the prime factors of 421101482.
2, 47, 4479803
What are the prime factors of 30482685?
3, 5, 53, 12781
List the prime factors of 44587503.
3, 71, 7753
List the prime factors of 473038481.
17, 27825793
List the prime factors of 275566900.
2, 5, 7, 393667
List the prime factors of 284849134.
2, 227, 461, 1361
List the prime factors of 49501227.
3, 37, 41, 73, 149
What are the prime factors of 514803732?
2, 3, 31, 1383881
What are the prime factors of 303046754?
2, 131, 457, 2531
List the prime factors of 562270011.
3, 187423337
What are the prime factors of 331306139?
163, 2032553
List the prime factors of 172814948.
2, 337, 128201
List the prime factors of 2086431684.
2, 3, 827, 210241
List the prime factors of 37377135.
3, 5, 17, 48859
List the prime factors of 5425261226.
2, 7, 11, 337, 104537
What are the prime factors of 2365646279?
179, 13215901
List the prime factors of 69220543.
7, 61, 162109
List the prime factors of 449371473.
3, 149790491
What are the prime factors of 628907946?
2, 3, 239, 438569
List the prime factors of 87968934.
2, 3, 4887163
List the prime factors of 2161948398.
2, 3, 360324733
What are the prime factors of 1327395177?
3, 251, 587603
What are the prime factors of 391998188?
2, 4441, 22067
List the prime factors of 87340072.
2, 1249, 8741
List the prime factors of 32663018.
2, 17, 960677
What are the prime factors of 602824654?
2, 43, 443, 15823
What are the prime factors of 57779976?
2, 3, 2407499
List the prime factors of 1580052603.
3, 281, 293, 6397
What are the prime factors of 3107856311?
7, 29, 443, 4937
What are the prime factors of 654213009?
3, 191, 307, 3719
List the prime factors of 184731550.
2, 5, 3694631
List the prime factors of 111127326.
2, 3, 53, 59, 5923
What are the prime factors of 56315586?
2, 3, 157, 191, 313
What are the prime factors of 900441682?
2, 7, 1823, 35281
List the prime factors of 363739860.
2, 3, 5, 11, 183707
List the prime factors of 57102021.
3, 6344669
What are the prime factors of 566225971?
566225971
List the prime factors of 268900985.
5, 17, 3163541
List the prime factors of 132748817.
1489, 89153
List the prime factors of 33842364.
2, 3, 2820197
What are the prime factors of 135172259?
571, 236729
List the prime factors of 856510284.
2, 3, 7, 31, 328921
What are the prime factors of 210400641?
3, 11, 2125259
What are the prime factors of 3509045659?
7, 43, 11657959
What are the prime factors of 24729115?
5, 73, 67751
List the prime factors of 956014690.
2, 5, 439, 217771
List the prime factors of 1428267764.
2, 7, 11, 4637233
List the prime factors of 1440877618.
2, 229, 3146021
List the prime factors of 586495276.
2, 599, 244781
List the prime factors of 33110358.
2, 3, 157, 35149
List the prime factors of 3841291291.
3841291291
List the prime factors of 80320181.
59, 199, 6841
List the prime factors of 599916128.
2, 7, 17, 257, 613
List the prime factors of 7476667.
11, 103, 6599
What are the prime factors of 171251213?
7, 149, 164191
What are the prime factors of 256394577?
3, 107, 798737